{"id":10130,"date":"2015-10-13T08:03:51","date_gmt":"2015-10-13T08:03:51","guid":{"rendered":"http:\/\/localhost\/~kharissulistiyo\/wpwp\/dev\/4.3\/?post_type=product&#038;p=10130"},"modified":"2018-01-09T11:23:51","modified_gmt":"2018-01-09T11:23:51","slug":"toyota-corolla-1-6-elegant-5","status":"publish","type":"product","link":"https:\/\/adarentacar.com.tr\/?product=toyota-corolla-1-6-elegant-5","title":{"rendered":"Renault Symbol"},"content":{"rendered":"<p>Uzun y\u0131llardad\u0131r T\u00fcrkiye ba\u015fta olmak \u00fczere bir \u00e7ok \u00fclkede en \u00e7ok sat\u0131lan arabalar listesinin ba\u015f\u0131na \u00e7eken Reno Symbol halk dilindeki ad\u0131 ile Reno S\u00fcmb\u00fcl \u00fc\u00e7\u00fcnc\u00fc nesli ile sat\u0131\u015fa sunuluyor. \u0130lk ve ikinci nesil Symbol\u2019ler t\u00fcrkiye\u2019de tasarlanm\u0131\u015f ve Bursa\u2019da \u00fcretilmi\u015ftir.<\/p>\n<p>Otomobilin d\u0131\u015f tasar\u0131m\u0131 eski modellerine g\u00f6re daha yap\u0131l\u0131 ve kasl\u0131 bir yap\u0131ya sahip. Eski model ile pek ilgi ve alakas\u0131 kalmayan ara\u00e7ta ciddi anlamda reformlar ve yenilikler mevcut. Yan bak\u0131\u015fta ise k\u00f6\u015feli hatlar \u00f6zellikle dikkat \u00e7ekmekte. Eski kasalarda kullan\u0131c\u0131s\u0131n\u0131n en \u00e7ok \u015fikayet etti\u011fi eksikliklerinden olan al\u00e7ak tavan sorunu bu model ile iyile\u015ftirilmi\u015f durumda. Arka tarafta ise g\u00f6ze \u00e7arpan iki ana unsur geni\u015f bagaj kapa\u011f\u0131 ve smybol yaz\u0131s\u0131 oluyor.<\/p>\n<p><strong>Yeni Kasa Symbol 1.5 Dci \u0130\u00e7 Mekan<\/strong><\/p>\n<p>En dolu paketi incelememizde ciddi anlamda i\u00e7i ferah,geni\u015f ve kullan\u0131\u015fl\u0131 bir multimedya ekran\u0131 bizi kar\u015f\u0131lamakta. S\u0131n\u0131f\u0131 ile k\u0131yasland\u0131\u011f\u0131 zaman daha geni\u015f oturum alan\u0131, daha y\u00fcksek ve g\u00fcvenilir s\u00fcr\u00fc\u015f olana\u011f\u0131 sa\u011flayan arabada navigasyon sistemi gayete ba\u015far\u0131l\u0131 ve kullan\u0131\u015fl\u0131 bir ara y\u00fcze sahip durumda.<\/p>\n<p>Elektrik klima ve tu\u015f da\u011f\u0131l\u0131m\u0131 ise araban\u0131n g\u00f6\u011f\u00fcs b\u00f6l\u00fcm\u00fcne ayr\u0131 bir g\u00f6r\u00fcn\u00fcm ve hava katm\u0131\u015f durumda.<\/p>\n<p><strong>B\u00fcy\u00fck Bagaj Hacmi Rakiplerinden Bir Ad\u0131m \u00d6teye G\u00f6t\u00fcr\u00fcyor<\/strong><\/p>\n<p>Yine dikkatlerden ka\u00e7mayan bir di\u011fer yenilik ise\u00a0<strong>yeni symbol bagaj hacminde<\/strong>\u00a0ger\u00e7ekle\u015fmi\u015f durumda. 510 litrelik geni\u015f uzun ve kullan\u0131\u015fl\u0131 bagaj hacmi ile rakiplerini ge\u00e7mi\u015f durumda.<\/p>\n<p>Yeni Kasa Renault Symbol Motor Se\u00e7enekleri aras\u0131nda 0.9 litre benzinli, 1.2 litre benzinli ve 1.5 Turbo Dizel motor se\u00e7enekleri ile sat\u0131l\u0131yor.<\/p>\n<p>Bizim inceledi\u011fimiz model\u00a0<strong>Symbol 1.5 Dci Joy 90 beygirlik<\/strong>\u00a0modeli idi.<\/p>\n<p><strong>Yeni kasa Renault Symbol yak\u0131t t\u00fcketimi<\/strong>\u00a0konusunda s\u0131n\u0131f\u0131n\u0131n en cimrisi. \u015eehir i\u00e7in kullan\u0131m verilerimizde agresif kullan\u0131m\u0131n yan\u0131nda yo\u011fun trafi\u011fe ra\u011fmen 6 litreyi ge\u00e7mezken normal ve sakin kullan\u0131mda ara\u00e7 rahatl\u0131kla 5 litre civar\u0131 yak\u0131t t\u00fcketimi sergilemekte. Ayr\u0131ca ara\u00e7ta bulunan Eco tu\u015fu yard\u0131m\u0131 ile t\u00fcketiminizi y\u00fczde on civarlar\u0131nda d\u00fc\u015f\u00fcrebilmeniz m\u00fcmk\u00fcn.<\/p>\n<p><strong>Edit\u00f6r\u00fcn Yorumu<\/strong><\/p>\n<p>Ara\u00e7 genel itibari ile eski symbol g\u00f6r\u00fcn\u00fcm\u00fcnden uzakla\u015fm\u0131\u015f durumda. Tabiri caize bu 1.5 dci motoru i\u00e7in yak\u0131t\u0131 kokluyor dememiz yerinde olacakt\u0131r. Y\u00fcksek h\u0131z ve virajlarda ara\u00e7 eski kasaya g\u00f6re b\u00fcy\u00fck iyile\u015ftirmeler var fakat bu iyile\u015ftirmelerin y\u00fcksek h\u0131zlarda hallen yetersiz oldu\u011funu s\u00f6yliyebilirim. \u015eehir i\u00e7in kullanacaklar i\u00e7in gayet yeterli ve ideal bir ara\u00e7 tercihi. Uzun yollarda can g\u00fcvenli\u011fi konusunda kullan\u0131c\u0131y\u0131 biraz tedirgin edebilir. Genel itibari ile uzun boylu ve kilolu kullan\u0131c\u0131y\u0131 s\u0131k\u0131nt\u0131ya sokacak bir durum yok. Arac\u0131n i\u00e7i gayet rahat ve ferah. H\u0131zlanmalar konusunda 90 beygirlik modeli ger\u00e7ekten \u00e7ok kuvvetli ve seri bir ara\u00e7. Kullan\u0131m bak\u0131mndan \u015fehir i\u00e7inde \u00e7ok pratik ve k\u0131vrak bir ara\u00e7.<\/p>\n<p>\u015eehir i\u00e7i pratiklik ,<strong>d\u00fc\u015f\u00fck yak\u0131t t\u00fcketimi<\/strong>\u00a0ve uygun ve avantajl\u0131 fiyat i\u00e7in dahi olsa ara\u00e7 al\u0131nabilir.<\/p>\n","protected":false},"excerpt":{"rendered":"<p>Uzun y\u0131llardad\u0131r T\u00fcrkiye ba\u015fta olmak \u00fczere bir \u00e7ok \u00fclkede en \u00e7ok sat\u0131lan arabalar listesinin ba\u015f\u0131na \u00e7eken Reno Symbol halk dilindeki ad\u0131 ile Reno S\u00fcmb\u00fcl \u00fc\u00e7\u00fcnc\u00fc nesli ile sat\u0131\u015fa sunuluyor. \u0130lk ve ikinci nesil Symbol\u2019ler &#8230;<\/p>\n","protected":false},"featured_media":10970,"comment_status":"open","ping_status":"closed","template":"","meta":[],"class_list":{"0":"post-10130","1":"product","2":"type-product","3":"status-publish","4":"has-post-thumbnail","6":"product_cat-economic-cars","7":"product_cat-popular-cars","8":"product_tag-renault","9":"product_group-economic-cars","10":"product_group-luxury-cars","11":"product_group-business-cars","12":"product_group-premium-cars","14":"first","15":"instock","16":"shipping-taxable","17":"purchasable","18":"product-type-simple"},"_links":{"self":[{"href":"https:\/\/adarentacar.com.tr\/index.php?rest_route=\/wp\/v2\/product\/10130"}],"collection":[{"href":"https:\/\/adarentacar.com.tr\/index.php?rest_route=\/wp\/v2\/product"}],"about":[{"href":"https:\/\/adarentacar.com.tr\/index.php?rest_route=\/wp\/v2\/types\/product"}],"replies":[{"embeddable":true,"href":"https:\/\/adarentacar.com.tr\/index.php?rest_route=%2Fwp%2Fv2%2Fcomments&post=10130"}],"wp:featuredmedia":[{"embeddable":true,"href":"https:\/\/adarentacar.com.tr\/index.php?rest_route=\/wp\/v2\/media\/10970"}],"wp:attachment":[{"href":"https:\/\/adarentacar.com.tr\/index.php?rest_route=%2Fwp%2Fv2%2Fmedia&parent=10130"}],"curies":[{"name":"wp","href":"https:\/\/api.w.org\/{rel}","templated":true}]}}