{"id":10128,"date":"2015-10-13T08:03:47","date_gmt":"2015-10-13T08:03:47","guid":{"rendered":"http:\/\/localhost\/~kharissulistiyo\/wpwp\/dev\/4.3\/?post_type=product&#038;p=10128"},"modified":"2018-01-09T11:56:39","modified_gmt":"2018-01-09T11:56:39","slug":"vw-polo-trendline-2-0-tdi-4","status":"publish","type":"product","link":"https:\/\/adarentacar.com.tr\/?product=vw-polo-trendline-2-0-tdi-4","title":{"rendered":"VW Polo Trendline 2.0 TDI"},"content":{"rendered":"<p><strong>Standartlar\u0131 yeniden belirledi<\/strong><br \/>\nKeskin ve kusursuz hatlar\u0131yla Tiguan, \u015fimdi daha g\u00fc\u00e7l\u00fc ve daha kendine g\u00fcvenli. Her zamankinden daha sportif ve dinamik duru\u015fuyla s\u0131n\u0131f\u0131n\u0131n standartlar\u0131n\u0131 yeniden belirliyor. LED teknolojinin kullan\u0131ld\u0131\u011f\u0131 \u00f6n farlar ve yepyeni tasar\u0131ma sahip LED stop lambalar\u0131yla da etkileyici karakterini \u00f6ne \u00e7\u0131kar\u0131yor.<\/p>\n<p>Ak\u0131ll\u0131 ve fonksiyonel tasar\u0131m<br \/>\nVolkswagen ailesinin ilk MQB platforma sahip SUV arac\u0131 olan Tiguan, bir \u00f6nceki nesline g\u00f6re daha uzun ve daha geni\u015f. Arka koltuklarda daha geni\u015f diz mesafesi sunarken, 1.655 lt.&#8217;ye y\u00fckseltilebilen geni\u015f bagaj hacmiyle Tiguan\u2019da konforunuz i\u00e7in her \u015fey d\u00fc\u015f\u00fcn\u00fclm\u00fc\u015f.<\/p>\n<p>G\u00f6z kama\u015ft\u0131ran teknolojiler<br \/>\n\u0130\u00e7 mekan\u0131 sahneye d\u00f6n\u00fc\u015ft\u00fcren geli\u015ftirilmi\u015f ambiyans ayd\u0131nlatmas\u0131 ve s\u00fcr\u00fc\u015f konforunuz i\u00e7in size ihtiyac\u0131n\u0131z olan t\u00fcm bilgileri y\u00fcksek \u00e7\u00f6z\u00fcn\u00fcrl\u00fckl\u00fc ekran\u0131yla \u00f6n\u00fcn\u00fcze seren Dijital G\u00f6sterge Paneli &#8220;Active Info Display&#8221; etkileyici yeniliklerinden sadece birka\u00e7\u0131.<\/p>\n","protected":false},"excerpt":{"rendered":"<p>Standartlar\u0131 yeniden belirledi Keskin ve kusursuz hatlar\u0131yla Tiguan, \u015fimdi daha g\u00fc\u00e7l\u00fc ve daha kendine g\u00fcvenli. Her zamankinden daha sportif ve dinamik duru\u015fuyla s\u0131n\u0131f\u0131n\u0131n standartlar\u0131n\u0131 yeniden belirliyor. LED &#8230;<\/p>\n","protected":false},"featured_media":11036,"comment_status":"open","ping_status":"closed","template":"","meta":[],"class_list":{"0":"post-10128","1":"product","2":"type-product","3":"status-publish","4":"has-post-thumbnail","6":"product_cat-economic-cars","7":"product_cat-popular-cars","8":"product_tag-vw","9":"product_group-business-cars","11":"first","12":"instock","13":"shipping-taxable","14":"purchasable","15":"product-type-simple"},"_links":{"self":[{"href":"https:\/\/adarentacar.com.tr\/index.php?rest_route=\/wp\/v2\/product\/10128"}],"collection":[{"href":"https:\/\/adarentacar.com.tr\/index.php?rest_route=\/wp\/v2\/product"}],"about":[{"href":"https:\/\/adarentacar.com.tr\/index.php?rest_route=\/wp\/v2\/types\/product"}],"replies":[{"embeddable":true,"href":"https:\/\/adarentacar.com.tr\/index.php?rest_route=%2Fwp%2Fv2%2Fcomments&post=10128"}],"wp:featuredmedia":[{"embeddable":true,"href":"https:\/\/adarentacar.com.tr\/index.php?rest_route=\/wp\/v2\/media\/11036"}],"wp:attachment":[{"href":"https:\/\/adarentacar.com.tr\/index.php?rest_route=%2Fwp%2Fv2%2Fmedia&parent=10128"}],"curies":[{"name":"wp","href":"https:\/\/api.w.org\/{rel}","templated":true}]}}