{"id":10127,"date":"2015-10-13T08:03:44","date_gmt":"2015-10-13T08:03:44","guid":{"rendered":"http:\/\/localhost\/~kharissulistiyo\/wpwp\/dev\/4.3\/?post_type=product&#038;p=10127"},"modified":"2018-01-09T12:01:49","modified_gmt":"2018-01-09T12:01:49","slug":"renoult-megane-4","status":"publish","type":"product","link":"https:\/\/adarentacar.com.tr\/?product=renoult-megane-4","title":{"rendered":"Renault Megane"},"content":{"rendered":"<p>Renault, Paris Otomobil Fuar\u0131\u2018nda d\u00fcnya pr\u00f6miyerini ger\u00e7ekle\u015ftirdi\u011fi, C segmentindeki en yeni modeli Megane Sedan markan\u0131n yeni tasar\u0131m y\u00fcz\u00fcn\u00fcn son temsilcisi. 2015 sonunda yeni Megane HB ve 2016 Mart ay\u0131nda yeni Megane Sport Tourer\u2019\u0131n ard\u0131ndan Megane ailesi, Megan Sedan ile birlikte tamamlanm\u0131\u015f oldu. Yeni Megane Sedan\u2019da tasar\u0131msal hatlarda ilk dikkat \u00e7eken markan\u0131n yeni tasar\u0131m dilinin \u00fcr\u00fcn\u00fc C \u015feklindeki \u00f6n ve arka tarafta Renault logosuna kadar devam eden uzun LED farlar. Yeni Megane Sedan\u2019\u0131n i\u00e7erisinde 7 in\u00e7\u2018lik TFT renkli dijital ekran\u0131 ve 8,7 in\u00e7\u2018lik multimedya tablet ekran\u0131 sunuluyor. Bu ekranlar ile birlikte zengin donan\u0131m se\u00e7ene\u011fi bulunan modelde R-LINK 2, Multi-Sense, Head-up Display, eller serbest park sistemi, aktif acil fren destek sistemi, \u015ferit takip sistemi ve di\u011fer \u00fcst segment otomobillerde yer alan konfor ve s\u00fcr\u00fc\u015fe yard\u0131mc\u0131 bir\u00e7ok teknoloji \u00f6zelli\u011fi bulunuyor.<\/p>\n<p>Bursa\u2019da \u00fcretilecek olan yeni Renault Megane Sedan 4,632 mm uzunluk 1,814 mm geni\u015flik ve 2,711 mm gibi segment ihtiya\u00e7lar\u0131n\u0131 fazlas\u0131yla kar\u015f\u0131layacak bir aks mesafesine sahip. Megane Sedan\u2019\u0131n bagaj hacmi ise 550 litre gibi s\u0131n\u0131f\u0131n\u0131n en iyi de\u011ferlerinden biri olarak dikkat \u00e7ekiyor. (Focus 421, Toyota Corolla 452, Volkswagen Jetta 510, Skoda Octavia 568, Honda Civic 440, FIAT Egea 520, Mazda 3 419, Opel Astra 420 litre bagaj hacmine sahip)<br \/>\nMegane Sedan\u2019da ailenin di\u011fer \u00fcyelerine sunulan benzer motor se\u00e7eneklerini g\u00f6rmek m\u00fcmk\u00fcn. 115 beygir ve 156 nm tork de\u011ferindeki 1.6 litre\u2019lik, 130 beygir g\u00fc\u00e7 ve 205 nm tork \u00fcreten 1.2 turbo benzinli motorlar yer al\u0131yor. Dizel aya\u011f\u0131nda ise 130 beygir g\u00fc\u00e7 ve 320 nm tork \u00fcreten (sadece manuel), 110 beygir ve 260 nm tork (7 ileri otomatik \u015fanz\u0131man ile 250 nm) \u00fcreten ve 90 beygir g\u00fc\u00e7 220 nm tork \u00fcreten motor se\u00e7enekleri bulunuyor. Yeni Renault Megane Sedan\u2019\u0131n T\u00fcrkiye\u2019de 62.600 \u2013 96.150 TL aras\u0131nda sat\u0131lan Megane HB ile benzer bir fiyat aral\u0131\u011f\u0131nda sat\u0131\u015fa sunulmas\u0131 bekleniyor. <\/p>\n","protected":false},"excerpt":{"rendered":"<p>Renault, Paris Otomobil Fuar\u0131\u2018nda d\u00fcnya pr\u00f6miyerini ger\u00e7ekle\u015ftirdi\u011fi, C segmentindeki en yeni modeli Megane Sedan markan\u0131n yeni tasar\u0131m y\u00fcz\u00fcn\u00fcn son temsilcisi. 2015 sonunda yeni Megane HB ve 2016 Mart ay\u0131nda yeni Megane &#8230;<\/p>\n","protected":false},"featured_media":10991,"comment_status":"open","ping_status":"closed","template":"","meta":[],"class_list":{"0":"post-10127","1":"product","2":"type-product","3":"status-publish","4":"has-post-thumbnail","6":"product_cat-best-offers","7":"product_cat-popular-cars","8":"product_tag-renoult","9":"product_group-economic-cars","10":"product_group-business-cars","11":"product_group-premium-cars","13":"first","14":"instock","15":"shipping-taxable","16":"purchasable","17":"product-type-simple"},"_links":{"self":[{"href":"https:\/\/adarentacar.com.tr\/index.php?rest_route=\/wp\/v2\/product\/10127"}],"collection":[{"href":"https:\/\/adarentacar.com.tr\/index.php?rest_route=\/wp\/v2\/product"}],"about":[{"href":"https:\/\/adarentacar.com.tr\/index.php?rest_route=\/wp\/v2\/types\/product"}],"replies":[{"embeddable":true,"href":"https:\/\/adarentacar.com.tr\/index.php?rest_route=%2Fwp%2Fv2%2Fcomments&post=10127"}],"wp:featuredmedia":[{"embeddable":true,"href":"https:\/\/adarentacar.com.tr\/index.php?rest_route=\/wp\/v2\/media\/10991"}],"wp:attachment":[{"href":"https:\/\/adarentacar.com.tr\/index.php?rest_route=%2Fwp%2Fv2%2Fmedia&parent=10127"}],"curies":[{"name":"wp","href":"https:\/\/api.w.org\/{rel}","templated":true}]}}